0030?
-22220
In base 12, what is 277a - 8a9?
1a91
In base 2, what is -1011101111110110001 + 0?
-1011101111110110001
In base 3, what is 1121001101 + -11?
1121001020
In base 11, what is 0 + 10a33?
10a33
In base 9, what is 230516 + -4?
230512
In base 15, what is -4a + -62?
-ac
In base 4, what is 201322 + -200?
201122
In base 4, what is 23 + -333232?
-333203
In base 4, what is -10 + 11332221?
11332211
In base 3, what is 1221 - -102100?
111021
In base 3, what is 2101 - -11222?
21100
In base 16, what is -372 - c?
-37e
In base 6, what is 10321403 - 2?
10321401
In base 13, what is 6 + 87b33?
87b39
In base 6, what is 5035 + -534?
4101
In base 14, what is c + -3a60c?
-3a600
In base 7, what is 5 - -41216?
41224
In base 16, what is -8c + -a4?
-130
In base 3, what is 22010 - 11211020?
-11112010
In base 5, what is 231040 - 4?
231031
In base 9, what is 1364720 - 3?
1364716
In base 4, what is 10 + 1013320320?
1013320330
In base 14, what is 2a46b - 3?
2a468
In base 3, what is 20 + 1001000212?
1001001002
In base 14, what is 88 + 5745?
57cd
In base 6, what is 13121 - 0?
13121
In base 3, what is 1010 + -1112221?
-1111211
In base 3, what is -10210122 - -1100?
-10202022
In base 11, what is -14 + 225501?
225498
In base 12, what is -3 + -7465?
-7468
In base 3, what is 120210 + -2201011?
-2010101
In base 15, what is 101 - -ad?
1ae
In base 11, what is -1 + 23299?
23298
In base 12, what is b51 - -40?
b91
In base 9, what is -20061 + -1?
-20062
In base 16, what is -1d0 + 95?
-13b
In base 4, what is -221030 + -11310?
-233000
In base 6, what is 10324052 - -1?
10324053
In base 5, what is -21 + -21103320?
-21103341
In base 6, what is 11050032 - 2?
11050030
In base 16, what is 5 + -132b?
-1326
In base 16, what is -15 + 960?
94b
In base 12, what is 18 - -1a6?
202
In base 2, what is 10110101000 - -100010100110?
111001001110
In base 4, what is 121213 - 11233?
103320
In base 14, what is -4bb - -33?
-488
In base 4, what is -31323 - 2232?
-100221
In base 10, what is -145786 + -4?
-145790
In base 10, what is -5 + 115145?
115140
In base 14, what is 1d6b44 - -1?
1d6b45
In base 7, what is 25132 - 3?
25126
In base 15, what is 14b - -39?
185
In base 7, what is 415204 + -2?
415202
In base 16, what is 1 - -2961?
2962
In base 8, what is 140 - 244?
-104
In base 5, what is -11224342 + 32?
-11224310
In base 4, what is -3103 + -30203?
-33312
In base 6, what is 3 - 4144503?
-4144500
In base 7, what is -4 + -14504143?
-14504150
In base 11, what is 11841 + -7?
11835
In base 10, what is -2396103 + 1?
-2396102
In base 15, what is -102 + -b7?
-1b9
In base 9, what is -5 + 12717?
12712
In base 4, what is 213002 - -12213?
231221
In base 7, what is -61 + -11121?
-11212
In base 3, what is -11 - -110110001200?
110110001112
In base 6, what is -5443123 + -2?
-5443125
In base 5, what is -12011410 - -331?
-12011024
In base 14, what is 7 - 96a?
-963
In base 7, what is 36025 - -546?
36604
In base 10, what is 0 - 295057?
-295057
In base 10, what is 2 - 138785?
-138783
In base 11, what is 216a + -330?
193a
In base 3, what is 1001 - 222110?
-221102
In base 9, what is -71234 - -1?
-71233
In base 12, what is 4259 + -2?
4257
In base 2, what is 101011110 + 111001001?
1100100111
In base 15, what is -4a4 + 131?
-373
In base 10, what is -4 + -6556?
-6560
In base 4, what is -10 - 23131221?
-23131231
In base 13, what is 24 - -9607?
962b
In base 16, what is 9 + -50514?
-5050b
In base 2, what is 11101100000000 + 100?
11101100000100
In base 7, what is 6140 - -113?
6253
In base 6, what is 3022 - -10040?
13102
In base 4, what is 10132020102 + -2?
10132020100
In base 16, what is 13 + -3aee?
-3adb
In base 12, what is -850 + -a?
-85a
In base 13, what is 750 + -155?
5c8
In base 6, what is 4 - -3142335?
3142343
In base 13, what is 5 + -22599?
-22594
In base 4, what is -2100 + 1313301?
1311201
In base 15, what is 17497 - 3?
17494
In base 4, what is 33011030 - -3?
33011033
In base 15, what is 1ac + 396d?
3b2a
In base 3, what is -2211 - -21?
-2120
In base 9, what is 4 - -23674?
23678
In base 15, what is -5452e + 4?
-5452a
In base 2, what is -10 + 1010101110001000010?
1010101110001000000
In base 14, what is -285 - 584?
-829
In base 8, what is -14533 - -7?
-14524
In base 5, what is -34131043 - 22?
-34131120
In base 5, what is -2 + 2402113?
2402111
In base 6, what is -25303540 + -5?
-25303545
In base 5, what is 204 + 201?
410
In base 8, what is -35 + 60554?
60517
In base 13, what is -1438b6 - 4?
-1438ba
In base 4, what is 10031012 + -1202?
10023210
In base 10, what is -1 - 2212?
-2213
In base 8, what is 1 + 74774?
74775
In base 4, what is -3 - 232221033?
-232221102
In base 6, what is 0 + 244505?
244505
In base 4, what is -120233 - 2102?
-123001
In base 15, what is -ca + -4a7?
-582
In base 3, what is 112002002 - 200?
112001102
In base 13, what is 153 + -b7?
69
In base 13, what is 0 - -194a91?
194a91
In base 7, what is -60460 + 16?
-60441
In base 8, what is -3 - 2011051?
-2011054
In base 5, what is 1302111320 - -10?
1302111330
In base 11, what is 165 + -295?
-130
In base 13, what is -57a7 + 2?
-57a5
In base 9, what is -13 - 2521?
-2534
In base 11, what is 7 + -727305?
-7272a9
In base 7, what is -5 + 30133?
30125
In base 2, what is -101110 + -110010110100?
-110011100010
In base 16, what is 5 + 14dc8?
14dcd
In base 4, what is 102332 - 212?
102120
In base 8, what is -11430 + 13?
-11415
In base 3, what is -10010211 - -20?
-10010121
In base 2, what is 11010111 + 1101001?
101000000
In base 12, what is aa - 6?
a4
In base 4, what is 101020333 - 11?
101020322
In base 3, what is -12 + 1010121021201?
1010121021112
In base 16, what is -77b90e - 3?
-77b911
In base 4, what is 11310010033 + -1?
11310010032
In base 2, what is 1110110 + 11101000110000?
11101010100110
In base 8, what is -501 - 3341?
-4042
In base 8, what is -52 - -705?
633
In base 13, what is -2 + -8a4c?
-8a51
In base 8, what is -4 + 26306?
26302
In base 10, what is -649 + 79?
-570
In base 15, what is dd41 - 9?
dd37
In base 2, what is 100001000001001 + 100?
100001000001101
In base 4, what is -1 + -102323131?
-102323132
In base 10, what is -288 - -1240?
952
In base 16, what is 2 + 11658?
1165a
In base 9, what is 3 + -458012?
-458008
In base 3, what is -12 + 121000212?
121000200
In base 8, what is -137442 - -2?
-137440
In base 16, what is 85c - d2?
78a
In base 4, what is -10 - 203231?
-203301
In base 4, what is 3201 + 2310210?
2320011
In base 12, what is -9 + 1b004?
1abb7
In base 13, what is 2 - -17a?
17c
In base 10, what is 663227 + -5?
663222
In base 11, what is 4 + -2a18a?
-2a186
In base 5, what is -1423133344 + -10?
-1423133404
In base 11, what is -289 + -24a?
-528
In base 12, what is -4 + 27a23?
27a1b
In base 14, what is -454 - 79?
-4cd
In base 9, what is 1614170 + -8?
1614161
In base 15, what is 4 + 32de8?
32dec
In base 9, what is 3 - 5222?
-5218
In base 11, what is 10 + 6310?
6320
In base 3, what is -1222102100 + -20?
-1222102120
In base 13, what is -25459 + 1?
-25458
In base 3, what is 11 - -10110102212121?
10110102212202
In base 4, what is 1300030320 + 1?
1300030321
In base 7, what is 56 + 23244?
23333
In base 6, what is 5 + -14302?
-14253
In base 11, what is 28298 - 5?
28293
In base 9, what is 2148637 - -3?
2148641
In base 5, what is 4021324 + 130?
4022004
In base 10, what is -4 + 27790?
27786
In base 13, what is -584 + -c0?
-674
In base 14, what is 108 + 869?
973
In base 12, what is 2a + 237?
265
In base 16, what is -c5 + -54?
-119
In base 12, what is -26746b + -3?
-267472
In base 13, what is -1948c7 + 0?
-1948c7
In base 7, what is -405360 + 5?
-405352
In base 3, what is 12001011102 - 12?
12001011020
In base 5, what is -1112 - -101044?
44432
In base 13, what is -34ac1 + 1b?
-34aa3
In base 11, what is -10417a3 + 2?
-10417a1
In base 14, what is 2b15b + 0?
2b15b
In base 12, what is 1667a6 + 0?
1667a6
In base 7, what is 63526 + 1?
63530
In base 13, what is 3 + 68062?
68065
In base 10, what is 9 + -3486?
-3477
In base 4, what is 23 - 111121?
-111032
In base 8, what is 52012 - -70?
52102
In base 4, what is -211 + -1110?
-1321
In base 4, what is 0 + -221031323?
-221031323
In base 16, what is -5 - 4aef?
-4af4
In base 4, what is 112101320 - -2?
112101322
In base 14, what is c1 + 711?
7d2
In base 14, what is 3410 + a?
341a
In base 13, what is 5 - -3c2b?
3c33
In base 12, what is -7a + 24?
-